*(268 + -270)?
7
Suppose 3*a - 22*p + 21*p = 6559, 0 = p - 5. Suppose 2*u - 18*s + 23*s - a = 0, 4360 = 4*u + 2*s. What is the thousands digit of u?
1
Let j(t) = t**2 - 9*t - 16. Let n be j(11). Let u be (2 - n) + 4 + 90. Suppose 5*m = -s + 18, 2*s - 3*m = -3*s + u. What is the tens digit of s?
1
Let m = 79 - 77. Suppose 0 = -5*a - m*a + 1064. Suppose 2*f - 5*h = a, -2*h = -f + 6*f - 409. What is the units digit of f?
1
Suppose -2*s + s = -4*s. Suppose 2*g = -3*n - n + 1042, s = -3*n - 9. Suppose h + 4*o = 142, -5*h + 183 = -3*o - g. What is the hundreds digit of h?
1
Let q be 4*((-3172)/(-8) + -1). Let s = q - 1100. What is the units digit of s?
2
Let c = -20 + -64. Suppose 4*h - 1113 = -3*h. Let r = c + h. What is the units digit of r?
5
Suppose -29*p + 12*p + 256473 = 10*p. What is the hundreds digit of p?
4
Suppose 168*y = 177*y - 13923. What is the hundreds digit of y?
5
Let k(w) = -4*w + 222*w**2 - 3 + 2 + 6*w. What is the hundreds digit of k(1)?
2
Suppose -120759 = -2*n + 5*t, -4*n - 11777 = 2*t - 253283. What is the thousands digit of n?
0
Let l = 136 + -136. Let o(m) = -13*m + 159. What is the hundreds digit of o(l)?
1
Let o = 28 + 19248. What is the units digit of o?
6
Suppose 0 = 405*a - 408*a + 2*c + 27026, -5*a + 45035 = -5*c. What is the tens digit of a?
1
Suppose -y - 2*j - 5 = -2, -6 = -2*y - j. Suppose 4*w = 2*t + 1894, 932 = -y*w + 7*w + 2*t. What is the tens digit of w?
7
Let y be 2620/40 + 2/(-4). Let c be 118/(-5) + (-26)/y. Let n = 36 - c. What is the units digit of n?
0
Let u(j) = 9*j**2 - 7*j - 19. Let i(t) = -4*t**2 + 3*t + 10. Let m(g) = -5*i(g) - 2*u(g). What is the hundreds digit of m(-10)?
1
Let s(j) = -881*j**3 - 1. Let q be s(-1). Suppose -3*r + 711 = -2*x + 6*x, 2*r - q = -5*x. Suppose 3*b - x = 72. What is the tens digit of b?
8
Suppose 0 = -5*d - 0*d - 10. Let t = -112 + 209. What is the units digit of (-3 - t - d)*(-4)/8?
9
Let f(s) = -s**2 + 13*s - 15. Let k be f(12). Let n be 245/(-3) + -1*k/(-9). Let g = n + 256. What is the units digit of g?
4
Let j(t) = 150*t + 23. Let z be j(7). Let c be z - (-9)/6*(-14)/(-21). What is the tens digit of (2 - 3) + -1 + c/6?
7
Let h be -15*((-9)/3)/((-15)/(-2)). Suppose 2*w = -0*w + h. Suppose 2*s = -2*b + 140, -4*s + w*b + 290 - 45 = 0. What is the tens digit of s?
6
What is the units digit of 2753 - (-7 + -7)/2 - -5?
5
Suppose -9*m + 15*m - 4554 = 0. Let c = m + -476. What is the hundreds digit of c?
2
Let n be (-11 + 1)*46/(-115). Suppose -5*i + 3789 = -5*t + 8*t, -n*i + t + 3038 = 0. What is the hundreds digit of i?
7
Let u(z) = 4*z - 13. Let s(b) be the second derivative of b**3/2 - 7*b**2 - 6*b. Let x(y) = -3*s(y) + 4*u(y). What is the units digit of x(3)?
1
Let n be 4/3*(-90)/4. Let c = 32 + n. Suppose 5*b = -7*p + c*p + 255, 5*p - 63 = -b. What is the units digit of b?
8
Let j(f) = f + 50. Let h be j(-15). Suppose 31*i = h*i - 1984. What is the tens digit of i?
9
Suppose 26511 = 7*p - 17001. What is the thousands digit of p?
6
Suppose 5*h = -2*h + 6048. Suppose 5*g - h = -224. Suppose -110 = -3*v + t + g, 4*v + 5*t = 330. What is the tens digit of v?
8
Let i = 22 - 22. Suppose -5*q + 299 = -r - 77, i = -2*q + 3*r + 153. Let f = -58 + q. What is the units digit of f?
7
Suppose -113*t = 31*t + 269*t - 453474. What is the tens digit of t?
9
Let f(a) = 2230*a**2 + 3*a + 3. What is the thousands digit of f(-2)?
8
Suppose 73*p = 75*p - 6. Suppose 4*r + 5888 = p*f, 5*f = -2*r - r + 9823. What is the units digit of f?
4
Let l be (20 - 15)*(1 + 0). Suppose -16 = h - 0*h - 4*t, h - l*t = -15. What is the units digit of (-4631)/(-110) + 2/h?
2
Let h = -56 - -58. Suppose 16 = 4*r, f - 6*f - h*r = -28. Suppose 3*m + 3 = 0, f*w - 124 = 2*m - 50. What is the tens digit of w?
1
Suppose f + 4*w = 16121, 6*f + 5*w - 55995 = 40807. What is the ten thousands digit of f?
1
Suppose 4*b - 14 = 6, b = -5*d - 60. Let k = -604 + 603. What is the units digit of 13/(d/(-18)) + k?
7
Suppose -42 = -55*g + 453. Suppose h = g*h - 8192. What is the hundreds digit of h?
0
Let i = -2701 - -2749. What is the tens digit of i?
4
Let q(z) = -6*z + 89. Let j be q(14). What is the tens digit of (4/(-12))/(j/(-2820))?
8
Suppose w + 5*t - 88 = 0, 0 = w + t - 6*t - 118. Let b = w + -149. What is the hundreds digit of 19*152/14 - b/(-161)?
2
Suppose -5*x = -35, -5*w + 3*x = -10*w + 258986. What is the hundreds digit of w?
7
Suppose 0 = -3*i - n + 12, 4*n - 15 = -3*i + 2*n. Let r(y) = -4*y**2 - y + 4. Let h be r(i). Let z = 103 + h. What is the tens digit of z?
6
Let b = 134 + -80. Let w = 57 - b. Suppose -w*i = i - 300. What is the tens digit of i?
7
Let y = 386 - -45. Let c = 1076 - y. What is the units digit of c?
5
Suppose 2091732 = 187*a - 1979071. What is the ten thousands digit of a?
2
Suppose -o - 2*r + 3*r = 1624, 4*r + 6480 = -4*o. Let k = o - -3334. What is the thousands digit of k?
1
Let w = -1574 + 954. Let o = w - -1053. What is the hundreds digit of o?
4
Let u = -39 - -40. Let f be u*-3 + 3 + -23 + 4. Let p(x) = -14*x + 8. What is the tens digit of p(f)?
7
Let g = 1 + 2. Let z be g - 0*(-1)/5. Suppose z - 9 = -x. What is the units digit of x?
6
Suppose -g + 5*v = 2*v + 13, -5*g + 2*v = 0. Suppose -12 = -g*a - y, 20 = a - 0*a + 4*y. What is the units digit of (-4 - 1) + 440/a?
5
Suppose 7276 + 11396 = 24*t. Let m = -476 + t. What is the tens digit of m?
0
Let w = 7359 - 4018. What is the thousands digit of w?
3
Suppose -45*u + 1684 - 649 = 0. Let d(t) = t**3 - 21*t**2 - 39*t + 9. What is the hundreds digit of d(u)?
1
Let c(h) = 79*h**2. Let n(m) = -3*m - 5. Let q be n(-2). Let v be c(q). Suppose 0 = 4*x - v - 137. What is the units digit of x?
4
Let d = 33 + -2. Suppose 2*q + d - 135 = 0. Suppose 4*s - q = 44. What is the tens digit of s?
2
Suppose 0*v + v - 5*b = 20, 2*b = -v + 34. What is the hundreds digit of (-1680)/9*v/(-25)?
2
Let x(b) = 1521*b**2 + 36*b - 41. What is the tens digit of x(1)?
1
What is the hundreds digit of (5583457/58)/(-23)*1*-2?
3
Suppose 3*h = -4*u + 27768, -17706 = 5*h - u - 63940. What is the hundreds digit of h?
2
Let x(n) = -n**3 + 7*n**2 + 125*n + 59. What is the thousands digit of x(-21)?
9
What is the units digit of 0 + (-19749)/(-2) + 5*60/(-200)?
3
Let i(o) be the first derivative of -14*o**2 + 252*o - 164. What is the units digit of i(-25)?
2
Let x = 83 - 81. Suppose -x*t - 16 = -4*o, 1 = 5*t - 9. What is the units digit of (1 - 0 - -68) + o?
4
Let o(w) = 5*w. Let f be o(1). Let x(q) = -7*q + 2*q + 6*q**2 - 20 + 5*q**2 - 6*q**2 + 12. What is the tens digit of x(f)?
9
Suppose h - 4 = 0, 5*j + 1 = -7*h + 11*h. Suppose -j*t = -1988 + 1298. What is the hundreds digit of t?
2
Suppose 1589 = 11*t + 10961. Let q = t + 1661. What is the units digit of q?
9
Let n(b) = -b**3 + 12*b**2 + 27*b + 8. Suppose 16*v - 55 = 11*v. Let l be n(v). Let m = l + -190. What is the tens digit of m?
3
Suppose 3*h + 220 + 68 = 0. Suppose 0 = -8*k - 112 + 48. What is the tens digit of (k - -4) + 1 - h?
9
Suppose -6*i + 32 - 2 = 0. Suppose 0 = -j + i - 5. What is the units digit of 12*(j + 1/2)?
6
Suppose -2*s = f + 2*f - 24, 1 = -s + 5*f. Let t(y) = y**2 - 9*y + 6. Let o be t(s). Suppose -o*h + 3*h = -207. What is the tens digit of h?
6
What is the tens digit of (-26)/((-28)/8 - (-731)/210)?
6
Suppose 4*w - 48 = -4*b, 0*w - b = -5*w + 48. Let c be w*(-3)/6 + 995. What is the tens digit of c/135*(9 + -1 + 1)?
6
Let z(s) = s**3 + 20*s**2 + 3*s + 62. Let j be z(-20). Suppose -2*g - 5*w + 1410 = 0, -j*g + 705 = -g - 3*w. What is the tens digit of g?
0
Suppose 19 = 2*w - 85. Let i = w - 48. Suppose -5*l - 4*b = -3, i = 4*l - 5*b - 23. What is the units digit of l?
3
Let q(u) = 8 + 20 + 3*u - 3. Suppose 72 = 75*i - 63*i. What is the tens digit of q(i)?
4
Suppose 2*l + 3*t - 85176 = 0, 4*l - 11*l - 3*t + 298116 = 0. What is the hundreds digit of l?
5
Let b = -16347 - -23891. What is the thousands digit of b?
7
Let k be (-242)/(-44)*(173 + 3). Let i = k + -485. What is the units digit of i?
3
Suppose 4*x - n - 11 = 0, -3*x + 5 = 5*n - 9. Let s(y) = y**3 - 21*y**2 - 92*y - 35. Let h be s(25). Suppose 6*l - h = x*l. What is the tens digit of l?
5
Suppose -11*h = -2268 + 123. Suppose 2*t - 4 = 0, -6*i + i - 5*t = -h. Suppose 0 = 5*y - 6*y + i. What is the tens digit of y?
3
Suppose y = -3*o + 1